rs of 5346272918?
2, 7, 863, 442499
List the prime factors of 23365940.
2, 5, 13, 31, 223
What are the prime factors of 558856948?
2, 13, 373, 28813
List the prime factors of 343877941.
11, 19, 1645349
What are the prime factors of 117951236?
2, 13, 17, 29, 43, 107
List the prime factors of 675821555.
5, 1973, 68507
What are the prime factors of 2747851731?
3, 37, 8251807
What are the prime factors of 1790773370?
2, 5, 17, 19, 554419
What are the prime factors of 390262175?
5, 15610487
What are the prime factors of 169017969?
3, 47, 337, 3557
What are the prime factors of 1118322743?
37, 2711, 11149
What are the prime factors of 91731570?
2, 3, 5, 7, 191, 2287
What are the prime factors of 896536257?
3, 211, 1416329
What are the prime factors of 59578008?
2, 3, 7, 67, 79
List the prime factors of 410097185.
5, 1613, 50849
List the prime factors of 237598428.
2, 3, 59, 335591
What are the prime factors of 69587501?
29, 193, 12433
What are the prime factors of 380210?
2, 5, 193, 197
List the prime factors of 580152015.
3, 5, 59, 218513
List the prime factors of 125251725.
3, 5, 29, 57587
List the prime factors of 123827172.
2, 3, 7, 173, 8521
List the prime factors of 8301390.
2, 3, 5, 23, 53, 227
List the prime factors of 355964205.
3, 5, 23730947
List the prime factors of 4510007663.
7, 37, 17413157
List the prime factors of 1638644476.
2, 7, 23, 363497
What are the prime factors of 3278113481?
3278113481
List the prime factors of 286598577.
3, 59, 251, 6451
List the prime factors of 825953847.
3, 43, 61, 2441
What are the prime factors of 3095434641?
3, 13, 71, 1117889
What are the prime factors of 21973963?
11, 181603
List the prime factors of 336892838.
2, 19, 8865601
What are the prime factors of 1414457204?
2, 19, 979541
List the prime factors of 59591643.
3, 23, 311, 2777
What are the prime factors of 2951323589?
2371, 1244759
What are the prime factors of 68065328?
2, 4254083
List the prime factors of 857241150.
2, 3, 5, 17, 379, 887
List the prime factors of 263366774.
2, 11, 11971217
List the prime factors of 2635410662.
2, 1317705331
What are the prime factors of 29588048?
2, 7, 264179
List the prime factors of 390722355.
3, 5, 8682719
List the prime factors of 208557411.
3, 17, 1063, 3847
List the prime factors of 4327291153.
73, 97, 611113
List the prime factors of 330119965.
5, 7, 19, 467, 1063
What are the prime factors of 76235736?
2, 3, 233, 13633
What are the prime factors of 18365002?
2, 71, 283, 457
What are the prime factors of 1222169007?
3, 1871, 217739
List the prime factors of 1037924503.
7, 11, 107, 263, 479
List the prime factors of 77425922.
2, 7, 17, 325319
List the prime factors of 101869448.
2, 239, 53279
What are the prime factors of 3067905679?
29, 67, 149, 10597
What are the prime factors of 25558640?
2, 5, 319483
List the prime factors of 50486981.
37, 337, 4049
What are the prime factors of 992943272?
2, 43, 2886463
What are the prime factors of 1932664239?
3, 11, 53, 59, 2081
What are the prime factors of 550917094?
2, 7, 13, 131, 3301
What are the prime factors of 139016628?
2, 3, 103, 12497
What are the prime factors of 2493573967?
37, 3877, 17383
What are the prime factors of 86721931?
61, 167, 8513
List the prime factors of 13782771.
3, 19, 67, 401
What are the prime factors of 130255706?
2, 7, 47, 197957
What are the prime factors of 384122073?
3, 128040691
What are the prime factors of 173557343?
19, 37, 271, 911
What are the prime factors of 642089952?
2, 3, 7, 19, 16763
List the prime factors of 310760967.
3, 11, 163, 57773
List the prime factors of 341757434.
2, 170878717
List the prime factors of 2263778335.
5, 7, 13, 23, 216319
List the prime factors of 47604173.
47604173
What are the prime factors of 1338221438?
2, 669110719
List the prime factors of 80655814.
2, 40327907
What are the prime factors of 6005360458?
2, 3002680229
What are the prime factors of 155274132?
2, 3, 13, 995347
What are the prime factors of 720577826?
2, 31, 11622223
What are the prime factors of 690796802?
2, 17, 2213, 9181
List the prime factors of 579022572.
2, 3, 48251881
What are the prime factors of 2841149383?
907, 3132469
What are the prime factors of 9195676?
2, 7, 23, 109, 131
What are the prime factors of 410474770?
2, 5, 571, 71887
List the prime factors of 41280711.
3, 19, 47, 811
What are the prime factors of 85620237?
3, 23, 53951
List the prime factors of 177228113.
37, 4789949
List the prime factors of 952553699.
952553699
List the prime factors of 492949849.
7, 1531, 6571
What are the prime factors of 324201240?
2, 3, 5, 11, 81869
List the prime factors of 1392811772.
2, 11, 31, 1021123
List the prime factors of 307754728.
2, 29, 1326529
What are the prime factors of 153449008?
2, 23, 31, 13451
What are the prime factors of 183444796?
2, 45861199
List the prime factors of 171413932.
2, 127, 263, 1283
What are the prime factors of 304284640?
2, 5, 11, 83, 2083
What are the prime factors of 113873344?
2, 13, 17, 83, 97
What are the prime factors of 40807750?
2, 5, 23, 47, 151
What are the prime factors of 118848766?
2, 59424383
List the prime factors of 5341850929.
16987, 314467
List the prime factors of 257603850.
2, 3, 5, 7, 53, 1543
List the prime factors of 129111867.
3, 47, 71, 1433
What are the prime factors of 2276618816?
2, 53, 167, 4019
What are the prime factors of 613222821?
3, 68135869
What are the prime factors of 2043781787?
43, 47529809
List the prime factors of 14762184.
2, 3, 193, 3187
List the prime factors of 2906087847.
3, 13, 101, 737773
What are the prime factors of 104285?
5, 20857
What are the prime factors of 4729253551?
11, 79, 5442179
List the prime factors of 246645513.
3, 983, 9293
What are the prime factors of 3355822828?
2, 1439, 583013
What are the prime factors of 352798801?
352798801
What are the prime factors of 1228771692?
2, 3, 67, 509441
What are the prime factors of 846881223?
3, 53, 2237, 2381
List the prime factors of 27813331.
7, 13, 47, 929
What are the prime factors of 2653520718?
2, 3, 17, 23, 1131083
What are the prime factors of 760098653?
13229, 57457
List the prime factors of 280850688.
2, 3, 79, 1543
What are the prime factors of 40758084?
2, 3, 89, 12721
What are the prime factors of 117796108?
2, 29449027
What are the prime factors of 335117104?
2, 7, 2992117
What are the prime factors of 71433980?
2, 5, 3571699
List the prime factors of 254690239.
254690239
What are the prime factors of 807429400?
2, 5, 41, 98467
List the prime factors of 1629246452.
2, 407311613
List the prime factors of 640191682.
2, 13, 1669, 14753
What are the prime factors of 216847970?
2, 5, 21684797
What are the prime factors of 59803235?
5, 1861, 6427
List the prime factors of 99590766.
2, 3, 11, 1508951
List the prime factors of 37062178.
2, 4261, 4349
What are the prime factors of 620308127?
103, 6022409
What are the prime factors of 108955714?
2, 7, 1111793
What are the prime factors of 113326650?
2, 3, 5, 71, 3547
List the prime factors of 47689990.
2, 5, 71, 67169
What are the prime factors of 2191302410?
2, 5, 11, 1481, 13451
List the prime factors of 1619887529.
13, 43, 179, 16189
List the prime factors of 174707125.
5, 1397657
List the prime factors of 17276976.
2, 3, 13331
What are the prime factors of 2814228478?
2, 1407114239
List the prime factors of 114417421.
89, 647, 1987
List the prime factors of 137572617.
3, 7, 13, 503929
What are the prime factors of 172900969?
19, 9100051
List the prime factors of 258143534.
2, 11, 43, 272879
List the prime factors of 3363672678.
2, 3, 43, 151, 86341
What are the prime factors of 133961309?
17, 41, 71, 2707
List the prime factors of 371275478.
2, 7, 17, 151, 10331
List the prime factors of 60690825.
3, 5, 13, 20749
What are the prime factors of 375908875?
5, 29, 103699
What are the prime factors of 75306287?
7, 43, 103, 347
List the prime factors of 479454548.
2, 2347, 51071
List the prime factors of 767119393.
911, 842063
List the prime factors of 15251072.
2, 19, 6271
What are the prime factors of 775016926?
2, 31, 211, 59243
What are the prime factors of 113454157?
229, 495433
List the prime factors of 20722723.
7, 47, 62987
List the prime factors of 66038508.
2, 3, 1834403
What are the prime factors of 215297151?
3, 19,